
True
Let r(l) = 115778*l - 10521. Is r(6) composite?
True
Let z = -246638 + 417529. Is z prime?
False
Let k(g) = -2*g**3 + 27*g**2 - g + 162553. Is k(0) a composite number?
False
Suppose 0 = 10*v + 45*v - 703756 - 974899. Is v composite?
True
Let d = 226657 + -84834. Is d prime?
False
Let o(q) = -2*q**3 + q**2 - q - 574. Let i be o(0). Let t = 3319 - 5550. Let d = i - t. Is d a prime number?
True
Let g = -23206 - -14047. Let p = 13880 + g. Is p composite?
False
Let o(y) = -29*y + 62. Let p be o(12). Let q = 1151 - p. Is q a composite number?
True
Suppose 0 = 33*h - 49*h + 512. Suppose -24293 = -5*v - 3*k, -4*v + 19436 = h*k - 30*k. Is v composite?
False
Suppose 6*g - g + 270 = 0. Let t(w) = -14*w**3 + 2*w**2 + 9*w + 4. Let o be t(-3). Let q = o + g. Is q composite?
True
Let u(s) = 4*s - 52. Let n be u(12). Is 14/(-10) - n/10 - -336 a composite number?
True
Is (139167/(-315))/(2/(-10)) composite?
True
Let q = 12284 + -2764. Suppose -14 = -4*a + 7*b - 5*b, -5*a + 2*b + 16 = 0. Suppose 5*r = 5*k + q, 0 = 2*r - 6*r + a*k + 7614. Is r a composite number?
True
Suppose 3*m = -0*m + 21. Suppose 4408 = m*n - 4083. Is n a composite number?
False
Let w(k) = -29*k**3 - 7*k**2 + 61*k - 242. Is w(-15) a composite number?
False
Let a = -1055 + -774. Let v = 3088 + a. Is v a composite number?
False
Let s(p) = p**3 - 7*p**2 - 29*p + 22. Let a be -2*(-23)/2 - 6. Is s(a) prime?
False
Let x(u) = 126*u**2 + 40*u + 69. Let p be x(-21). Suppose -2*f = -m - 36541, -7*f - p = -10*f - 4*m. Is f composite?
False
Suppose 15*z = 17*z - 8. Suppose -z*s = 6688 - 23132. Is s composite?
False
Suppose 3*f - m - 1037 = 0, -3*f + 4*f + 4*m - 324 = 0. Suppose -193 = z - 3*q, -8*z + 5*z - 523 = 5*q. Let j = f + z. Is j a prime number?
True
Let r be (-204)/238 + (-20098)/7. Let b = r - -9341. Is b a prime number?
True
Let t be (-14 - -7) + 666 - 8/2. Let k = t + 1156. Is k a prime number?
True
Let z(p) = -66675*p + 40. Is z(-5) prime?
False
Let o be 4 - (3 + 17)/(-5). Suppose o*u = 6*u. Suppose -5*m + u*b - 3*b + 200 = 0, -2*b + 10 = 0. Is m composite?
False
Let w be (163 - 110/10)*(-1 + 78). Let o = 22139 - w. Is o a composite number?
True
Let n = 1 + 1. Suppose -v = -n*d - 2819, 2*d - 5638 = -v - v. Is v a composite number?
False
Suppose -2146115 = -2*h + 4264668 + 2025531. Is h prime?
True
Suppose 0 = d + 334 - 1969. Let z = 98 + d. Is z a composite number?
False
Let s(q) = -7*q**3 + 16*q**2 - 17*q - 37. Let g(v) = -3*v**3 + 8*v**2 - 8*v - 18. Let b(p) = -5*g(p) + 2*s(p). Let a be b(7). Is 1028/12*1*a a prime number?
False
Let d be (-8)/5*(105/(-14) - -5). Suppose 11*g - d*g - 486535 = 0. Is g a prime number?
False
Let h = -673 + 693. Is (-5)/h*(-5)/(15/771252) a prime number?
True
Suppose -5*l + 98751 = -9*j + 11*j, -l + 1 = 0. Is j a composite number?
True
Let y = -2628 + -502. Let g = -1587 - y. Is g prime?
True
Suppose -2*a + 21687 = 5*y, 32*a - 3*y = 35*a - 32508. Is a prime?
True
Let k(n) = -2*n + 3. Let s(w) = 592*w + 257. Let o(z) = -4*k(z) - s(z). Is o(-47) a composite number?
False
Let m(x) = 3*x + 1. Let k(s) = -31*s**3 - 4*s**2 + s + 7. Let w(l) = k(l) + 2*m(l). Is w(-4) a composite number?
False
Suppose -10*k - 3732 + 43022 = 0. Suppose j - k = 5532. Is j composite?
False
Let a = 21501 - 11438. Is a prime?
False
Let s be ((-12)/7)/((-3)/21). Let z(y) = 4*y**2 - 7*y - 29. Is z(s) a composite number?
False
Let j = -447229 - -764402. Is j composite?
True
Let m(a) = a**2 + 2*a - 1. Let k be m(-4). Suppose 2*d + d - 3 = 3*o, 0 = -4*o + 5*d - k. Suppose o*v - 2884 = -2*v. Is v composite?
True
Let p be (-372)/8*16/(-3). Let h = -153 + 155. Suppose -p = h*b - 658. Is b a prime number?
False
Let g(h) = -h**2 + 3*h - 3. Let l be g(3). Is (8349/6 - l)/(1/2) a prime number?
True
Suppose 2*q + 34 = -k, -2*k - 97 = -4*q - 21. Let b = k + 41. Suppose 5*g + 9280 = 2*h, 0 = 4*h - b*h - 2*g + 4649. Is h composite?
True
Suppose -4*m + 14 = 5*f - 6*m, 6 = -3*m. Suppose s - 3*p = 224, -3*p - 252 = f*s - 745. Is s a composite number?
False
Let q = 7 + -1. Suppose -33*k - 6*k + 117 = 0. Suppose q*w - 2*w - k*c = 1019, 5*w + 5*c - 1265 = 0. Is w composite?
True
Is (-1166360)/(-78) - (-7)/(-3) a prime number?
True
Let r(d) = -83*d - 1600. Is r(-63) a composite number?
True
Is -3*((36/21)/6 - (-2255357)/(-21)) prime?
True
Suppose 5*b - 6 = 4*i + 3, 5*i - 15 = b. Is (-904 - (i + -1))/(-1) composite?
False
Let p(d) = 622*d**2 - 4*d - 40. Let i be p(-5). Suppose 14*t = 16*t - i. Is t a prime number?
False
Suppose -1914921 = -3*h + 5*k, -118*k + 6 = -119*k. Is h a composite number?
True
Let l = -23567 + 33534. Is l prime?
True
Let v = 7 + -7. Suppose v*z + 2*z - 5*x = 47, 2*z = -4*x + 2. Is 1843/4*(z - 7) prime?
False
Suppose -3299*c = -3316*c + 34. Let f(x) = -x**3 - x. Let h(a) = -104*a**3 + 2*a**2 - a - 3. Let m(j) = 2*f(j) - h(j). Is m(c) a composite number?
False
Let y(o) be the second derivative of o**4/2 + 4*o**3/3 - 21*o**2/2 + 3*o. Suppose -2*l - 100 = -12*l. Is y(l) prime?
True
Is 3204209151/2288 - (-3)/(-48) composite?
True
Let o(z) = -406*z - 7. Let b be o(1). Let n = b + 1626. Is n a prime number?
True
Is (-182408 - 6)*(9/(-12))/(12/8) a prime number?
False
Is 232/(-24) + 8 + (-3272016)/(-18) composite?
False
Suppose 7*b + 3*b - 360 = 0. Suppose -3781 - 3815 = -b*o. Is o a composite number?
False
Let f be 0/2 - 14916 - (3 + -5). Let u = f - -35193. Is u a prime number?
False
Let u(v) = -133*v + 3. Suppose -3*t = -5*d + 5, -14 - 3 = d + 3*t. Let g be -3 + -3 + (2 - d). Is u(g) a prime number?
True
Let f(p) = 5 - 71*p**2 + 9 + 7*p**3 + 83*p**2 + 26*p + 11. Is f(10) composite?
True
Suppose -2422*d = -2448*d + 3727176 + 7148026. Is d a composite number?
True
Suppose 25*y = -18*y - 56*y + 8223633. Is y a prime number?
False
Suppose -18*t - 6*t + 48 = 0. Suppose t*z - 1508 = 7758. Is z a prime number?
False
Let v(a) = 143*a - 157. Let b be v(7). Suppose 2*z + 30 = b. Is z a prime number?
False
Let s(o) = o**3 + 16*o**2 + 14*o - 2. Suppose 7*y - 12*y = 275. Let k = 40 + y. Is s(k) a composite number?
False
Suppose -3*m + 679554 - 53096 = -5*d, -5*m + 1044162 = d. Is m composite?
True
Is 10/140*-4 + (-32)/(-14) - -10392 a prime number?
False
Let r = -542141 - -1183134. Is r composite?
False
Suppose 0 = -6*y + 164 + 148. Let a = y + -45. Suppose 19508 - 3177 = a*p. Is p a prime number?
True
Suppose -1298203 = -3*j - 2*f, 2299300 = 4*j - 3*f + 568340. Is j a prime number?
True
Let y(h) = 5*h**2 + 14*h - 126. Let j = -315 + 280. Is y(j) prime?
False
Suppose -2*u = -0*u + 72. Let s(v) = -46*v + 1193. Let r be s(26). Is (-45348)/u + 2/r prime?
True
Let i(x) be the first derivative of -13*x**2 - 33*x - 10. Let m(j) = -4*j + 6. Let t be m(5). Is i(t) a prime number?
True
Is (-10 + 4 - -98416) + 2*(-3)/2 a prime number?
True
Suppose -5*w + 6312 + 961 = 2*y, 4*y - w - 14513 = 0. Is y prime?
False
Let t be 77/21 + (-2)/(-6) - -2. Let g(o) = 3*o**3 - o**2 + 9*o - 9. Let l(h) = 4*h**3 - h**2 + 9*h - 8. Let w(u) = -5*g(u) + 4*l(u). Is w(t) composite?
False
Let p = 360 - -70. Let c = p - -201. Is c a prime number?
True
Let i(a) = 24028*a + 75. Is i(29) composite?
False
Suppose -5*l + 11*l + 24 = 0. Is 0 + l/6 + 92713/69 prime?
False
Let q(b) = -b**3 + 14*b**2 + 3*b - 5. Let t be q(9). Suppose 0 = -5*j + t + 473. Suppose 5*i = -3*f + j + 876, -5*i = -3*f + 1026. Is f a composite number?
False
Let l(t) be the first derivative of -t**6/120 - t**5/15 + 3*t**4/8 + t**3/2 - 9*t**2/2 + 20. Let q(z) be the second derivative of l(z). Is q(-7) composite?
True
Suppose -2*p + 106*p = 15218577 + 3949351. Is p prime?
False
Suppose -4*d + 187604 = -4*w, 93712 = 5*d + 5*w - 140793. Is d a composite number?
False
Suppose 0*q + 5*q - 3*m = 730873, -q + 146169 = -2*m. Is q composite?
True
Let o be 654/6*(5 + 12). Let n = 84 + o. Is n prime?
False
Let s(x) = -6*x**3 + 4*x**2 + 46*x + 3. Let v be s(-23). Suppose 0*p = 11*p - v. Is p prime?
True
Let s(m) = 47*m**2 - 4*m - 5. Suppose -51*d = -47*d - 12. Suppose 0 = -d*n + 6*n + 6. Is s(n) a composite number?
False
Is (7 + 4352296/24)/(6/9) a prime number?
True
Is 144644/(-12)*-6*((-170)/(-4))/17 composite?
True
Suppose -b + 1 = -5*u + 3*b, -5*u = 2*b - 23. Let w(s) = -2*s + 0*s - 18 + 0*s - s**u + 9 + 4*s**2. Is w(-4) composite?
False
Let y = -3423 - -8932. Is y a compos